 to base 15
-28e49
101100110111000011111 (base 2) to base 6
51301251
10111010001111010 (base 2) to base 11
65706
What is -1203647 (base 9) in base 12?
-275567
What is -9d8256 (base 14) in base 15?
-70dc2e
Convert -59f13b (base 16) to base 11.
-336665a
Convert 39d6d (base 14) to base 15.
2c3ae
What is 2210101422 (base 5) in base 11?
2768013
Convert -241024 (base 7) to base 12.
-21277
-95317 (base 12) to base 3
-100221110201
1351231 (base 8) to base 13
1048c4
-31035501 (base 6) to base 12
-36bb91
What is 522 (base 6) in base 5?
1234
What is -1197089 (base 11) in base 16?
-1fa4c3
What is 1893736 (base 11) in base 4?
30030123021
Convert -18876442 (base 9) to base 4.
-210131120300
Convert -15dac7 (base 15) to base 12.
-4308a4
What is -57845 (base 10) in base 14?
-1711b
Convert 82131 (base 11) to base 13.
42797
-28090 (base 15) to base 6
-2430213
Convert -32604230 (base 7) to base 14.
-5315c0
Convert 10224421 (base 5) to base 13.
30337
Convert 3013002021 (base 4) to base 2.
11000111000010001001
Convert -271214 (base 8) to base 2.
-10111001010001100
What is -9646377 (base 10) in base 4?
-210303010221
Convert -111021010111 (base 3) to base 13.
-91aaa
What is 24275353 (base 8) in base 15?
7072c3
What is -10001101001111110 (base 2) in base 11?
-4a374
Convert -34a3 (base 12) to base 7.
-23103
260b1a (base 13) to base 2
11011111100101111010
34397a (base 12) to base 6
25530234
8112775 (base 10) to base 5
4034102100
What is 120232113 (base 4) in base 9?
163823
13312131 (base 4) to base 14
ba0d
-145064 (base 7) to base 8
-67014
What is -4345151 (base 9) in base 5?
-1044123202
11010010111010010010111 (base 2) to base 4
122113102113
-222133 (base 9) to base 15
-29529
Convert 200220022201 (base 3) to base 10.
372025
2a3db (base 16) to base 10
173019
-367972 (base 10) to base 13
-cb647
What is -168708 (base 9) in base 16?
-19976
What is -220002331022 (base 4) in base 13?
-2237372
Convert -78df2 (base 16) to base 2.
-1111000110111110010
1457081 (base 9) to base 15
10da7d
435966 (base 10) to base 7
3464016
Convert -10223111002 (base 4) to base 7.
-13264330
-23034413 (base 5) to base 16
-32328
Convert -11667271 (base 8) to base 7.
-30652153
Convert 302131313 (base 5) to base 14.
2364d7
Convert -4365200 (base 9) to base 4.
-20330301210
What is 10521450 (base 6) in base 5?
40244143
What is 1a985 (base 16) in base 3?
12112102120
14052542 (base 6) to base 13
1377aa
What is -48b289 (base 13) in base 10?
-1738278
What is 42843c (base 15) in base 14?
5c6095
-22cac (base 13) to base 2
-1111100011000110
-1586919 (base 15) to base 12
-5290413
What is 10101011110010011 (base 2) in base 14?
240a7
What is -674514 (base 8) in base 7?
-1635506
Convert -15ce2 (base 16) to base 7.
-521251
What is -20634 (base 15) in base 13?
-37951
What is -115787 (base 11) in base 14?
-4ab21
Convert 104d4 (base 15) to base 10.
51724
Convert -850352 (base 9) to base 10.
-505487
-164236 (base 7) to base 15
-9a5a
What is -45121 (base 12) in base 14?
-2561b
-50151655 (base 8) to base 11
-5a49902
What is -134c360 (base 13) in base 3?
-102102222202212
Convert -c18e78 (base 16) to base 9.
-25773385
What is 1a657 (base 12) in base 6?
500151
-a3a722 (base 12) to base 3
-11211111210022
What is 9a006 (base 11) in base 15?
2cec5
10417b (base 13) to base 3
201022202010
What is -1001011111010010101000 (base 2) in base 4?
-21133102220
41177 (base 11) to base 9
101387
Convert 798a19 (base 12) to base 15.
285dc3
Convert -2bb619 (base 12) to base 16.
-b60b5
What is -1216c4 (base 15) in base 8?
-3232376
-10404243024 (base 5) to base 6
-1044200404
What is 135361 (base 8) in base 15?
e2a7
What is -2b85b7 (base 12) in base 5?
-142143233
48585 (base 9) to base 8
77456
Convert 22020221110 (base 3) to base 11.
101120
Convert 39548 (base 14) to base 3.
21011101210
What is 121202002011001 (base 3) in base 7?
135430342
-28740 (base 10) to base 4
-13001010
Convert 1834136 (base 9) to base 8.
3724762
What is -279291 (base 16) in base 2?
-1001111001001010010001
-3001034111 (base 5) to base 12
-1b7533a
Convert -778549 (base 13) to base 4.
-22233312310
-322f4 (base 16) to base 9
-342865
55204 (base 11) to base 7
452355
-95b425 (base 12) to base 4
-21000312131
-1363163 (base 7) to base 12
-8a2bb
Convert -a44440 (base 13) to base 4.
-32220230102
Convert 10434231 (base 5) to base 12.
45a36
-367b51 (base 16) to base 9
-6641736
What is 3742830 (base 11) in base 16?
633f4b
Convert -66697 (base 14) to base 2.
-111100100111001101
What is 155440541 (base 6) in base 11?
1988229
Convert 1111100000000111010 (base 2) to base 10.
507962
-1541 (base 15) to base 12
-2781
What is -133131 (base 13) in base 8?
-1611640
What is -346623 (base 8) in base 10?
-118163
Convert 14544025 (base 8) to base 3.
20021002012001
-40362343 (base 7) to base 11
-1995351
Convert 11105 (base 15) to base 10.
54230
-144315354 (base 6) to base 15
-3e75da
-1171208 (base 9) to base 11
-3a5909
Convert b16dd8 (base 15) to base 5.
4124132003
-62bbb (base 16) to base 14
-a7547
What is -2104366 (base 7) in base 6?
-5234224
13010010022 (base 4) to base 12
75368a
Convert 1155614 (base 8) to base 15.
644d3
-12220221 (base 4) to base 11
-19467
Convert 35aa57 (base 11) to base 13.
16cb46
What is -31712b2 (base 12) in base 10?
-9354086
-31182 (base 11) to base 5
-2423330
b75dc (base 16) to base 2
10110111010111011100
-23db2 (base 14) to base 5
-10302033
-67119 (base 12) to base 4
-201113211
What is -7608da (base 15) in base 11?
-319a476
What is 5a8a7d (base 16) in base 14?
b065d3
What is -115541660 (base 7) in base 8?
-33570773
What is -42164 (base 8) in base 12?
-a184
Convert -18c4a8 (base 13) to base 8.
-2310417
Convert -d71c98 (base 14) to base 6.
-415422114
What is 444408 (base 11) in base 6?
23104252
What is -c972f (base 16) in base 11?
-513a33
-d55b (base 15) to base 7
-245306
2021012222220 (base 3) to base 14
23521c
5645622 (base 10) to base 16
562536
What is 1121330232 (base 4) in base 7?
3063066
Convert 5150042 (base 7) to base 5.
124221322
Convert 441455305 (base 6) to base 9.
15816165
Convert -130023033 (base 4) to base 11.
-79786
Convert 7ac9c0 (base 15) to base 11.
3346167
What is 3b719 (base 12) in base 6?
1432433
-66522 (base 11) to base 10
-96461
What is 3858034 (base 10) in base 3?
21021000020011
What is -b68 (base 16) in base 5?
-43140
Convert 173642 (base 9) to base 5.
11421222
What is -132200210 (base 4) in base 7?
-1030220
What is -cba545 (base 14) in base 8?
-32256161
What is 7064554 (base 8) in base 10?
1861996
What is -12200212 (base 4) in base 3?
-1100120111
What is -52ff94 (base 16) in base 2?
-10100101111111110010100
Convert 24144102 (base 5) to base 3.
102102111201
What is 50aa76 (base 13) in base 9?
3475155
302a14 (base 15) to base 7
25304026
What is -1548653 (base 10) in base 15?
-208cd8
What is 120211111022 (base 3) in base 8?
1140532
What is 1001111101111110 (base 2) in base 10?
40830
2350210 (base 6) to base 15
26783
Convert 30916b (base 12) to base 16.
ba1a3
Convert 2421130 (base 8) to base 13.
1a33b8
Convert -7a191 (base 15) to base 2.
-1011110110110000110
Convert 760035 (base 9) to base 11.
28a173
What is 15327776 (base 9) in base 11?
43461a4
-1110111101111111 (base 2) to base 3
-10010002210
What is 77ba42 (base 12) in base 2?
111010001101100010010
What is 1320200003 (base 4) in base 8?
1704003
2e1c95 (base 15) to base 11
1296250
What is -6c05b (base 13) in base 7?
-1452460
1322122100 (base 4) to base 16
7a690
What is 11432412 (base 5) in base 13?
3a4ba
Convert -1112522 (base 7) to base 4.
-201221030
What is 8764a (base 12) in base 2?
101011101011011010
What is -23312122 (base 4) in base 16?
-bd9a
-3654147 (base 9) to base 7
-22603414
a43b6b (base 16) to base 3
202020211012220
What is 2131c7 (base 13) in base 11?
491637
-2110131331 (base 5) to base 15
-5b7c96
Convert -3625640 (base 7) to base 12.
-1a2698
Convert -78ca1 (base 13) to base 9.
-364278
What is 239558 (base 16) in base 11?
1353073
-134356 (base 8) to base 4
-23203232
What is 151a769 (base 12) in base 7?
51200535
What is 6a8c14 (base 13) in base 15?
3507ae
-261180 (base 9) to base 16
-26a8a
Convert cccc5 (base 13) to base 8.
1325125
What is 1064613 (base 8) in base 11?
188286
Convert -43090 (base 13) to base 8.
-354170
What is 203c7c (base 15) in base 2?
101110101111100101100
What is